{"id":687,"date":"2022-12-11T16:20:53","date_gmt":"2022-12-11T15:20:53","guid":{"rendered":"http:\/\/429.ablak.arnes.si\/?page_id=687"},"modified":"2024-03-20T14:10:18","modified_gmt":"2024-03-20T13:10:18","slug":"sodelovanje-z-okoljem","status":"publish","type":"page","link":"https:\/\/vrtecsemedela.si\/index.php\/sodelovanje-z-okoljem\/","title":{"rendered":"Sodelovanje z okoljem"},"content":{"rendered":"<p style=\"color: #616265; font-family: Verdana, Geneva, sans-serif; font-size: 12px; letter-spacing: normal;\">Vrtec je odprt o\u017ejemu in \u0161ir\u0161emu okolju ter povezovanju z drugimi institucijami.<\/p>\n<p>Na\u0161 vrtec je hospitacijski vrtec, ki omogo\u010da, dijakom in \u0161tudentom pridobivanje prakti\u010dnih znanj za podro\u010dje pred\u0161olske vzgoje, zato aktivno sodelujemo z izobra\u017eevanimi institucijami.<\/p>\n<p>Vklju\u010deni smo v mre\u017eo mentorskih vrtcev Zavoda Republike Slovenije za \u0161olstvo in kot taki smo mentorsko sredi\u0161ce nekaterim vrtcem pri osnovnih \u0161olah, s katerimi ustvarjamo spodbudno okolje za strokovni razvoj.<\/p>\n<p>Razvito imamo\u00a0bogato sodelovanje\u00a0z vrtci in \u0161olami v Sloveniji in tujini, s krajevnimi skupnostmi,\u00a0\u0161portnimi in kulturnimi organizacijami\/zavodi npr. Dru\u0161tvom prijateljev mladine,\u00a0knji\u017enico, muzeji, glasbeno \u0161olo, domom upokojencev, gledali\u0161\u010dem,\u00a0\u010debelarskim in drugimi dru\u0161tvi ter vsemi, ki ka\u017eejo interes za na\u0161o dejavnost.<\/p>\n<p>V na\u0161e delo vklju\u010dujemo star\u0161e in strokovnjake, kot so: pisatelji, umetniki, profesorji, novinarji,\u00a0\u0161portniki, zbiratelji in druge.<\/p>\n","protected":false},"excerpt":{"rendered":"<p>Vrtec je odprt o\u017ejemu in \u0161ir\u0161emu okolju ter povezovanju z drugimi institucijami. Na\u0161 vrtec je hospitacijski vrtec, ki omogo\u010da, dijakom in \u0161tudentom pridobivanje prakti\u010dnih znanj za podro\u010dje pred\u0161olske vzgoje, zato aktivno sodelujemo z izobra\u017eevanimi institucijami. Vklju\u010deni smo v mre\u017eo mentorskih vrtcev Zavoda Republike Slovenije za \u0161olstvo in kot taki smo mentorsko sredi\u0161ce nekaterim vrtcem pri &hellip; <\/p>\n<p class=\"link-more\"><a href=\"https:\/\/vrtecsemedela.si\/index.php\/sodelovanje-z-okoljem\/\" class=\"more-link\">Continue reading<span class=\"screen-reader-text\"> &#8220;Sodelovanje z okoljem&#8221;<\/span><\/a><\/p>\n","protected":false},"author":1,"featured_media":0,"parent":0,"menu_order":0,"comment_status":"closed","ping_status":"closed","template":"","meta":{"footnotes":""},"class_list":["post-687","page","type-page","status-publish","hentry"],"_links":{"self":[{"href":"https:\/\/vrtecsemedela.si\/index.php\/wp-json\/wp\/v2\/pages\/687","targetHints":{"allow":["GET"]}}],"collection":[{"href":"https:\/\/vrtecsemedela.si\/index.php\/wp-json\/wp\/v2\/pages"}],"about":[{"href":"https:\/\/vrtecsemedela.si\/index.php\/wp-json\/wp\/v2\/types\/page"}],"author":[{"embeddable":true,"href":"https:\/\/vrtecsemedela.si\/index.php\/wp-json\/wp\/v2\/users\/1"}],"replies":[{"embeddable":true,"href":"https:\/\/vrtecsemedela.si\/index.php\/wp-json\/wp\/v2\/comments?post=687"}],"version-history":[{"count":23,"href":"https:\/\/vrtecsemedela.si\/index.php\/wp-json\/wp\/v2\/pages\/687\/revisions"}],"predecessor-version":[{"id":5322,"href":"https:\/\/vrtecsemedela.si\/index.php\/wp-json\/wp\/v2\/pages\/687\/revisions\/5322"}],"wp:attachment":[{"href":"https:\/\/vrtecsemedela.si\/index.php\/wp-json\/wp\/v2\/media?parent=687"}],"curies":[{"name":"wp","href":"https:\/\/api.w.org\/{rel}","templated":true}]}}