{"id":499,"date":"2022-12-04T22:55:21","date_gmt":"2022-12-04T21:55:21","guid":{"rendered":"http:\/\/429.ablak.arnes.si\/?page_id=499"},"modified":"2023-01-25T20:04:45","modified_gmt":"2023-01-25T19:04:45","slug":"diete","status":"publish","type":"page","link":"https:\/\/vrtecsemedela.si\/index.php\/diete\/","title":{"rendered":"Diete"},"content":{"rendered":"\n<div class=\"wp-block-columns is-layout-flex wp-container-core-columns-is-layout-9d6595d7 wp-block-columns-is-layout-flex\">\n<div class=\"wp-block-column is-layout-flow wp-block-column-is-layout-flow\" style=\"flex-basis:66.66%\">\n<p>Dietno prehrano otrok omogo\u010damo v sodelovanju s star\u0161i na podlagi predpisane diete in prilo\u017eenih navodil s strani otrokovega pediatra oz. pediatra specialista z dodatnimi znanji iz ustreznega podro\u010dja. <\/p>\n\n\n\n<p><\/p>\n\n\n\n<p>Veljavnost zdravni\u0161kega potrdila dolo\u010di zdravnik, ki ga izda. Skladno s Priporo\u010dili za medicinsko indicirane diete lahko zdravni\u0161ko potrdilo velja <strong>trajno<\/strong> (npr. pri boleznih, kot je celiakija), <strong>za\u010dasno in ga je potrebno obnavljati vsaj enkrat letno<\/strong> (npr. pri alergiji na kravje mleko ali jajce), ali <strong>do pregleda pri specialistu z dodatnimi znanji iz ustreznega podro\u010dja,<\/strong> <strong>z veljavnostjo najve\u010d \u0161est mesecev<\/strong>.<\/p>\n\n\n\n<p>Star\u0161i otrok z dietno prehrano prejmejo <em>Pravila o izvajanju dietne prehrane v na\u0161em vrtcu<\/em> ter v podpis izjavo o seznanjenosti z navedenimi pravili.<\/p>\n\n\n\n<p>PRIPRAVA DIETNIH OBROKOV<\/p>\n\n\n\n<p>Pri pripravi dietnih obrokov izhajamo iz obi\u010dajnega jedilnika, pri zahtevnej\u0161ih dietah na\u010drtujemo tudi individualni dietni jedilnik. Prepovedana \u017eivila pri pripravi obrokov nadome\u0161\u010damo z dogovorjenimi nadomestnimi \u017eivili in se pri tem trudimo, da so dietne jedi \u010dimbolj podobne jedem iz rednega jedilnika tako po na\u010dinu priprave kot tudi po izgledu in okusu.<\/p>\n<\/div>\n\n\n\n<div class=\"wp-block-column is-layout-flow wp-block-column-is-layout-flow\" style=\"flex-basis:33.33%\">\n<figure class=\"wp-block-image size-large\"><img loading=\"lazy\" decoding=\"async\" width=\"768\" height=\"1024\" src=\"https:\/\/vrtecsemedela.si\/wp-content\/uploads\/2023\/01\/image2-768x1024.jpeg\" alt=\"\" class=\"wp-image-1152\" srcset=\"https:\/\/vrtecsemedela.si\/wp-content\/uploads\/2023\/01\/image2-768x1024.jpeg 768w, https:\/\/vrtecsemedela.si\/wp-content\/uploads\/2023\/01\/image2-225x300.jpeg 225w, https:\/\/vrtecsemedela.si\/wp-content\/uploads\/2023\/01\/image2-1152x1536.jpeg 1152w, https:\/\/vrtecsemedela.si\/wp-content\/uploads\/2023\/01\/image2-1536x2048.jpeg 1536w, https:\/\/vrtecsemedela.si\/wp-content\/uploads\/2023\/01\/image2-scaled.jpeg 1920w\" sizes=\"auto, (max-width: 768px) 100vw, 768px\" \/><\/figure>\n<\/div>\n<\/div>\n","protected":false},"excerpt":{"rendered":"<p>Dietno prehrano otrok omogo\u010damo v sodelovanju s star\u0161i na podlagi predpisane diete in prilo\u017eenih navodil s strani otrokovega pediatra oz. pediatra specialista z dodatnimi znanji iz ustreznega podro\u010dja. Veljavnost zdravni\u0161kega potrdila dolo\u010di zdravnik, ki ga izda. Skladno s Priporo\u010dili za medicinsko indicirane diete lahko zdravni\u0161ko potrdilo velja trajno (npr. pri boleznih, kot je celiakija), za\u010dasno &hellip; <\/p>\n<p class=\"link-more\"><a href=\"https:\/\/vrtecsemedela.si\/index.php\/diete\/\" class=\"more-link\">Continue reading<span class=\"screen-reader-text\"> &#8220;Diete&#8221;<\/span><\/a><\/p>\n","protected":false},"author":1,"featured_media":0,"parent":0,"menu_order":0,"comment_status":"closed","ping_status":"closed","template":"","meta":{"footnotes":""},"class_list":["post-499","page","type-page","status-publish","hentry"],"_links":{"self":[{"href":"https:\/\/vrtecsemedela.si\/index.php\/wp-json\/wp\/v2\/pages\/499","targetHints":{"allow":["GET"]}}],"collection":[{"href":"https:\/\/vrtecsemedela.si\/index.php\/wp-json\/wp\/v2\/pages"}],"about":[{"href":"https:\/\/vrtecsemedela.si\/index.php\/wp-json\/wp\/v2\/types\/page"}],"author":[{"embeddable":true,"href":"https:\/\/vrtecsemedela.si\/index.php\/wp-json\/wp\/v2\/users\/1"}],"replies":[{"embeddable":true,"href":"https:\/\/vrtecsemedela.si\/index.php\/wp-json\/wp\/v2\/comments?post=499"}],"version-history":[{"count":16,"href":"https:\/\/vrtecsemedela.si\/index.php\/wp-json\/wp\/v2\/pages\/499\/revisions"}],"predecessor-version":[{"id":1841,"href":"https:\/\/vrtecsemedela.si\/index.php\/wp-json\/wp\/v2\/pages\/499\/revisions\/1841"}],"wp:attachment":[{"href":"https:\/\/vrtecsemedela.si\/index.php\/wp-json\/wp\/v2\/media?parent=499"}],"curies":[{"name":"wp","href":"https:\/\/api.w.org\/{rel}","templated":true}]}}