{"id":482,"date":"2022-12-04T22:52:05","date_gmt":"2022-12-04T21:52:05","guid":{"rendered":"http:\/\/429.ablak.arnes.si\/?page_id=482"},"modified":"2024-05-21T17:34:44","modified_gmt":"2024-05-21T15:34:44","slug":"kam-po-pomoc","status":"publish","type":"page","link":"https:\/\/vrtecsemedela.si\/index.php\/kam-po-pomoc\/","title":{"rendered":"Kam po pomo\u010d?"},"content":{"rendered":"\n<p><a rel=\"noreferrer noopener\" href=\"https:\/\/www.csd-slovenije.si\/csd-juzna-primorska\/enota-koper\/\" data-type=\"URL\" data-id=\"https:\/\/www.csd-slovenije.si\/csd-juzna-primorska\/enota-koper\/\" target=\"_blank\">Center za socialno delo <\/a><a rel=\"noreferrer noopener\" href=\"https:\/\/www.csd-slovenije.si\/csd-juzna-primorska\/enota-koper\/\" data-type=\"URL\" data-id=\"https:\/\/www.csd-slovenije.si\/csd-juzna-primorska\/enota-koper\/\" target=\"_blank\">J<\/a><a rel=\"noreferrer noopener\" href=\"https:\/\/www.csd-slovenije.si\/csd-juzna-primorska\/enota-koper\/\" data-type=\"URL\" data-id=\"https:\/\/www.csd-slovenije.si\/csd-juzna-primorska\/enota-koper\/\" target=\"_blank\">u<\/a><a rel=\"noreferrer noopener\" href=\"https:\/\/www.csd-slovenije.si\/csd-juzna-primorska\/enota-koper\/\" data-type=\"URL\" data-id=\"https:\/\/www.csd-slovenije.si\/csd-juzna-primorska\/enota-koper\/\" target=\"_blank\">\u017e<\/a><a rel=\"noreferrer noopener\" href=\"https:\/\/www.csd-slovenije.si\/csd-juzna-primorska\/enota-koper\/\" data-type=\"URL\" data-id=\"https:\/\/www.csd-slovenije.si\/csd-juzna-primorska\/enota-koper\/\" target=\"_blank\">n<\/a><a rel=\"noreferrer noopener\" href=\"https:\/\/www.csd-slovenije.si\/csd-juzna-primorska\/enota-koper\/\" data-type=\"URL\" data-id=\"https:\/\/www.csd-slovenije.si\/csd-juzna-primorska\/enota-koper\/\" target=\"_blank\">a<\/a><a rel=\"noreferrer noopener\" href=\"https:\/\/www.csd-slovenije.si\/csd-juzna-primorska\/enota-koper\/\" data-type=\"URL\" data-id=\"https:\/\/www.csd-slovenije.si\/csd-juzna-primorska\/enota-koper\/\" target=\"_blank\"> <\/a><a rel=\"noreferrer noopener\" href=\"https:\/\/www.csd-slovenije.si\/csd-juzna-primorska\/enota-koper\/\" data-type=\"URL\" data-id=\"https:\/\/www.csd-slovenije.si\/csd-juzna-primorska\/enota-koper\/\" target=\"_blank\">P<\/a><a rel=\"noreferrer noopener\" href=\"https:\/\/www.csd-slovenije.si\/csd-juzna-primorska\/enota-koper\/\" data-type=\"URL\" data-id=\"https:\/\/www.csd-slovenije.si\/csd-juzna-primorska\/enota-koper\/\" target=\"_blank\">r<\/a><a rel=\"noreferrer noopener\" href=\"https:\/\/www.csd-slovenije.si\/csd-juzna-primorska\/enota-koper\/\" data-type=\"URL\" data-id=\"https:\/\/www.csd-slovenije.si\/csd-juzna-primorska\/enota-koper\/\" target=\"_blank\">i<\/a><a rel=\"noreferrer noopener\" href=\"https:\/\/www.csd-slovenije.si\/csd-juzna-primorska\/enota-koper\/\" data-type=\"URL\" data-id=\"https:\/\/www.csd-slovenije.si\/csd-juzna-primorska\/enota-koper\/\" target=\"_blank\">m<\/a><a rel=\"noreferrer noopener\" href=\"https:\/\/www.csd-slovenije.si\/csd-juzna-primorska\/enota-koper\/\" data-type=\"URL\" data-id=\"https:\/\/www.csd-slovenije.si\/csd-juzna-primorska\/enota-koper\/\" target=\"_blank\">o<\/a><a rel=\"noreferrer noopener\" href=\"https:\/\/www.csd-slovenije.si\/csd-juzna-primorska\/enota-koper\/\" data-type=\"URL\" data-id=\"https:\/\/www.csd-slovenije.si\/csd-juzna-primorska\/enota-koper\/\" target=\"_blank\">r<\/a><a rel=\"noreferrer noopener\" href=\"https:\/\/www.csd-slovenije.si\/csd-juzna-primorska\/enota-koper\/\" data-type=\"URL\" data-id=\"https:\/\/www.csd-slovenije.si\/csd-juzna-primorska\/enota-koper\/\" target=\"_blank\">s<\/a><a rel=\"noreferrer noopener\" href=\"https:\/\/www.csd-slovenije.si\/csd-juzna-primorska\/enota-koper\/\" data-type=\"URL\" data-id=\"https:\/\/www.csd-slovenije.si\/csd-juzna-primorska\/enota-koper\/\" target=\"_blank\">k<\/a><a rel=\"noreferrer noopener\" href=\"https:\/\/www.csd-slovenije.si\/csd-juzna-primorska\/enota-koper\/\" data-type=\"URL\" data-id=\"https:\/\/www.csd-slovenije.si\/csd-juzna-primorska\/enota-koper\/\" target=\"_blank\">a<\/a><a rel=\"noreferrer noopener\" href=\"https:\/\/www.csd-slovenije.si\/csd-juzna-primorska\/enota-koper\/\" data-type=\"URL\" data-id=\"https:\/\/www.csd-slovenije.si\/csd-juzna-primorska\/enota-koper\/\" target=\"_blank\"> <\/a><a rel=\"noreferrer noopener\" href=\"https:\/\/www.csd-slovenije.si\/csd-juzna-primorska\/enota-koper\/\" data-type=\"URL\" data-id=\"https:\/\/www.csd-slovenije.si\/csd-juzna-primorska\/enota-koper\/\" target=\"_blank\">&#8211;<\/a><a rel=\"noreferrer noopener\" href=\"https:\/\/www.csd-slovenije.si\/csd-juzna-primorska\/enota-koper\/\" data-type=\"URL\" data-id=\"https:\/\/www.csd-slovenije.si\/csd-juzna-primorska\/enota-koper\/\" target=\"_blank\"> <\/a><a rel=\"noreferrer noopener\" href=\"https:\/\/www.csd-slovenije.si\/csd-juzna-primorska\/enota-koper\/\" data-type=\"URL\" data-id=\"https:\/\/www.csd-slovenije.si\/csd-juzna-primorska\/enota-koper\/\" target=\"_blank\">E<\/a><a rel=\"noreferrer noopener\" href=\"https:\/\/www.csd-slovenije.si\/csd-juzna-primorska\/enota-koper\/\" data-type=\"URL\" data-id=\"https:\/\/www.csd-slovenije.si\/csd-juzna-primorska\/enota-koper\/\" target=\"_blank\">n<\/a><a rel=\"noreferrer noopener\" href=\"https:\/\/www.csd-slovenije.si\/csd-juzna-primorska\/enota-koper\/\" data-type=\"URL\" data-id=\"https:\/\/www.csd-slovenije.si\/csd-juzna-primorska\/enota-koper\/\" target=\"_blank\">o<\/a><a rel=\"noreferrer noopener\" href=\"https:\/\/www.csd-slovenije.si\/csd-juzna-primorska\/enota-koper\/\" data-type=\"URL\" data-id=\"https:\/\/www.csd-slovenije.si\/csd-juzna-primorska\/enota-koper\/\" target=\"_blank\">t<\/a><a rel=\"noreferrer noopener\" href=\"https:\/\/www.csd-slovenije.si\/csd-juzna-primorska\/enota-koper\/\" data-type=\"URL\" data-id=\"https:\/\/www.csd-slovenije.si\/csd-juzna-primorska\/enota-koper\/\" target=\"_blank\">a<\/a><a rel=\"noreferrer noopener\" href=\"https:\/\/www.csd-slovenije.si\/csd-juzna-primorska\/enota-koper\/\" data-type=\"URL\" data-id=\"https:\/\/www.csd-slovenije.si\/csd-juzna-primorska\/enota-koper\/\" target=\"_blank\"> <\/a><a rel=\"noreferrer noopener\" href=\"https:\/\/www.csd-slovenije.si\/csd-juzna-primorska\/enota-koper\/\" data-type=\"URL\" data-id=\"https:\/\/www.csd-slovenije.si\/csd-juzna-primorska\/enota-koper\/\" target=\"_blank\">K<\/a><a rel=\"noreferrer noopener\" href=\"https:\/\/www.csd-slovenije.si\/csd-juzna-primorska\/enota-koper\/\" data-type=\"URL\" data-id=\"https:\/\/www.csd-slovenije.si\/csd-juzna-primorska\/enota-koper\/\" target=\"_blank\">o<\/a><a rel=\"noreferrer noopener\" href=\"https:\/\/www.csd-slovenije.si\/csd-juzna-primorska\/enota-koper\/\" data-type=\"URL\" data-id=\"https:\/\/www.csd-slovenije.si\/csd-juzna-primorska\/enota-koper\/\" target=\"_blank\">p<\/a><a rel=\"noreferrer noopener\" href=\"https:\/\/www.csd-slovenije.si\/csd-juzna-primorska\/enota-koper\/\" data-type=\"URL\" data-id=\"https:\/\/www.csd-slovenije.si\/csd-juzna-primorska\/enota-koper\/\" target=\"_blank\">e<\/a><a href=\"https:\/\/www.csd-slovenije.si\/csd-juzna-primorska\/enota-koper\/\" data-type=\"URL\" data-id=\"https:\/\/www.csd-slovenije.si\/csd-juzna-primorska\/enota-koper\/\" target=\"_blank\" rel=\"noreferrer noopener\">r<\/a><\/p>\n\n\n\n<p><a href=\"https:\/\/zd-piran.si\/index.php\/23-2\/cdzom\/\" data-type=\"URL\" data-id=\"https:\/\/zd-piran.si\/index.php\/23-2\/cdzom\/\" target=\"_blank\" rel=\"noreferrer noopener\">Center za du\u0161evno zdravje otrok in mladostnikov<\/a><\/p>\n\n\n\n<p><a rel=\"noreferrer noopener\" href=\"https:\/\/www.zd-koper.si\/si\/ambulante\/razvojna-ambulanta-z-vkljucenim-centrom-za-zgodnjo-obravnavo-martina-trobec-kralj\/razvojna-ambulanta-z-vkljucenim-centrom-za-zgodnjo-obravnavo-martina-trobec-kralj\" data-type=\"URL\" data-id=\"https:\/\/www.zd-koper.si\/si\/ambulante\/razvojna-ambulanta-z-vkljucenim-centrom-za-zgodnjo-obravnavo-martina-trobec-kralj\/razvojna-ambulanta-z-vkljucenim-centrom-za-zgodnjo-obravnavo-martina-trobec-kralj\" target=\"_blank\">Razvojna ambulanta z vklju\u010denim centrom za zgodnjo obravnavo Martina Trobec Kralj<\/a><\/p>\n\n\n\n<p><a href=\"https:\/\/cksg.si\/\" data-type=\"URL\" data-id=\"https:\/\/cksg.si\/\" target=\"_blank\" rel=\"noreferrer noopener\">Center za komunikacijo, sluh in govor Portoro\u017e<\/a><\/p>\n\n\n\n<p><a href=\"https:\/\/svetovalnicenter.si\/\" data-type=\"URL\" data-id=\"https:\/\/svetovalnicenter.si\/\" target=\"_blank\" rel=\"noreferrer noopener\">Svetovalni center za otroke, mladostnike in star\u0161e Istre<\/a><\/p>\n","protected":false},"excerpt":{"rendered":"<p>Center za socialno delo Ju\u017ena Primorska &#8211; Enota Koper Center za du\u0161evno zdravje otrok in mladostnikov Razvojna ambulanta z vklju\u010denim centrom za zgodnjo obravnavo Martina Trobec Kralj Center za komunikacijo, sluh in govor Portoro\u017e Svetovalni center za otroke, mladostnike in star\u0161e Istre<\/p>\n","protected":false},"author":1,"featured_media":0,"parent":0,"menu_order":0,"comment_status":"closed","ping_status":"closed","template":"","meta":{"footnotes":""},"class_list":["post-482","page","type-page","status-publish","hentry"],"_links":{"self":[{"href":"https:\/\/vrtecsemedela.si\/index.php\/wp-json\/wp\/v2\/pages\/482","targetHints":{"allow":["GET"]}}],"collection":[{"href":"https:\/\/vrtecsemedela.si\/index.php\/wp-json\/wp\/v2\/pages"}],"about":[{"href":"https:\/\/vrtecsemedela.si\/index.php\/wp-json\/wp\/v2\/types\/page"}],"author":[{"embeddable":true,"href":"https:\/\/vrtecsemedela.si\/index.php\/wp-json\/wp\/v2\/users\/1"}],"replies":[{"embeddable":true,"href":"https:\/\/vrtecsemedela.si\/index.php\/wp-json\/wp\/v2\/comments?post=482"}],"version-history":[{"count":5,"href":"https:\/\/vrtecsemedela.si\/index.php\/wp-json\/wp\/v2\/pages\/482\/revisions"}],"predecessor-version":[{"id":5635,"href":"https:\/\/vrtecsemedela.si\/index.php\/wp-json\/wp\/v2\/pages\/482\/revisions\/5635"}],"wp:attachment":[{"href":"https:\/\/vrtecsemedela.si\/index.php\/wp-json\/wp\/v2\/media?parent=482"}],"curies":[{"name":"wp","href":"https:\/\/api.w.org\/{rel}","templated":true}]}}