{"id":437,"date":"2022-12-04T22:26:40","date_gmt":"2022-12-04T21:26:40","guid":{"rendered":"http:\/\/429.ablak.arnes.si\/?page_id=437"},"modified":"2024-05-21T18:32:52","modified_gmt":"2024-05-21T16:32:52","slug":"sklad-vrtca","status":"publish","type":"page","link":"https:\/\/vrtecsemedela.si\/index.php\/sklad-vrtca\/","title":{"rendered":"Sklad vrtca"},"content":{"rendered":"\n<div class=\"wp-block-columns is-layout-flex wp-container-core-columns-is-layout-9d6595d7 wp-block-columns-is-layout-flex\">\n<div class=\"wp-block-column is-layout-flow wp-block-column-is-layout-flow\" style=\"flex-basis:66.66%\">\n<p><strong>Sklad Vrtca Semedela<\/strong> deluje od leta 2003, na osnovi sprejetih pravil in Programa dela, predvsem z namenom pridobivanja prostovoljnih finan\u010dnih sredstev iz razli\u010dnih virov za uresni\u010ditev dogovorjenih projektov.<\/p>\n\n\n\n<p>V Sklad vrtca se sredstva zbirajo iz:<\/p>\n\n\n\n<ul class=\"wp-block-list\">\n<li>prispevkov pravnih in fizi\u010dnih oseb,<\/li>\n\n\n\n<li>donacij,<\/li>\n\n\n\n<li>dotacij raznih ustanov oziroma institucij,<\/li>\n\n\n\n<li>prispevkov star\u0161ev,<\/li>\n\n\n\n<li>lastne dejavnostjo in<\/li>\n\n\n\n<li>tudi na podlagi&nbsp; Zakona o dohodnini, ki posameznim rezidentom Republike Slovenije dolo\u010da vpla\u010dilo dela dohodnine do vi\u0161ine 0,3% za donacije subjektom, ki so na podlagi zakona uvr\u0161\u010deni na seznam prejemnikov donacij iz tega naslova.<\/li>\n<\/ul>\n<\/div>\n\n\n\n<div class=\"wp-block-column is-layout-flow wp-block-column-is-layout-flow\" style=\"flex-basis:33.33%\">\n<figure class=\"wp-block-image size-large is-resized\"><img loading=\"lazy\" decoding=\"async\" src=\"https:\/\/vrtecsemedela.si\/wp-content\/uploads\/2023\/01\/sklad-1-768x1024.png\" alt=\"\" class=\"wp-image-2251\" width=\"274\" height=\"364\" srcset=\"https:\/\/vrtecsemedela.si\/wp-content\/uploads\/2023\/01\/sklad-1-768x1024.png 768w, https:\/\/vrtecsemedela.si\/wp-content\/uploads\/2023\/01\/sklad-1-225x300.png 225w, https:\/\/vrtecsemedela.si\/wp-content\/uploads\/2023\/01\/sklad-1-1152x1536.png 1152w, https:\/\/vrtecsemedela.si\/wp-content\/uploads\/2023\/01\/sklad-1-1536x2048.png 1536w\" sizes=\"auto, (max-width: 274px) 100vw, 274px\" \/><\/figure>\n<\/div>\n<\/div>\n\n\n<p>Hvale\u017eni bomo za vsak prispevek!<\/p>\n<p>Prispevki, donacije in dotacije so prostovoljni. Denarna sredstva se zbirajo na zakladni\u0161kem ra\u010dunu Vrtca Semedela \u0161t. 01250-6030635749, z vpisanim namenom nakazila.<\/p>\n\n\n<div class=\"wp-block-file\"><a id=\"wp-block-file--media-df850170-e3e9-4053-9b1e-c58041cf8519\" href=\"https:\/\/vrtecsemedela.si\/wp-content\/uploads\/2023\/01\/Pravila-sklada-vrtca-13.12.2021-pravilnik.pdf\" target=\"_blank\" rel=\"noreferrer noopener\">Pravila sklada Vrtca Semedela<\/a><\/div>\n\n\n\n<h5 class=\"wp-block-heading\">Zapisniki sej sklada Vrtca Semedela<\/h5>\n\n\n\n<div class=\"wp-block-file\"><a id=\"wp-block-file--media-57bebb4f-5224-4a06-a971-36fb7adc3b5f\" href=\"https:\/\/vrtecsemedela.si\/wp-content\/uploads\/2023\/01\/Zapisnik-12.-seje-sklada-vrtca-semedela-2021-1.pdf\" target=\"_blank\" rel=\"noreferrer noopener\">Zapisnik 12. seje sklada Vrtca Semedela<\/a><\/div>\n\n\n\n<div class=\"wp-block-file\"><a id=\"wp-block-file--media-9fbe320e-08dc-49b1-9d9f-cd664f3e0a7d\" href=\"https:\/\/vrtecsemedela.si\/wp-content\/uploads\/2023\/12\/doc01464520231221144704.pdf\" target=\"_blank\" rel=\"noreferrer noopener\">Zapisnik 14. seje sklada Vrtca Semedela<\/a><\/div>\n","protected":false},"excerpt":{"rendered":"<p>Sklad Vrtca Semedela deluje od leta 2003, na osnovi sprejetih pravil in Programa dela, predvsem z namenom pridobivanja prostovoljnih finan\u010dnih sredstev iz razli\u010dnih virov za uresni\u010ditev dogovorjenih projektov. V Sklad vrtca se sredstva zbirajo iz: Hvale\u017eni bomo za vsak prispevek! Prispevki, donacije in dotacije so prostovoljni. Denarna sredstva se zbirajo na zakladni\u0161kem ra\u010dunu Vrtca Semedela &hellip; <\/p>\n<p class=\"link-more\"><a href=\"https:\/\/vrtecsemedela.si\/index.php\/sklad-vrtca\/\" class=\"more-link\">Continue reading<span class=\"screen-reader-text\"> &#8220;Sklad vrtca&#8221;<\/span><\/a><\/p>\n","protected":false},"author":1,"featured_media":0,"parent":0,"menu_order":0,"comment_status":"closed","ping_status":"closed","template":"","meta":{"footnotes":""},"class_list":["post-437","page","type-page","status-publish","hentry"],"_links":{"self":[{"href":"https:\/\/vrtecsemedela.si\/index.php\/wp-json\/wp\/v2\/pages\/437","targetHints":{"allow":["GET"]}}],"collection":[{"href":"https:\/\/vrtecsemedela.si\/index.php\/wp-json\/wp\/v2\/pages"}],"about":[{"href":"https:\/\/vrtecsemedela.si\/index.php\/wp-json\/wp\/v2\/types\/page"}],"author":[{"embeddable":true,"href":"https:\/\/vrtecsemedela.si\/index.php\/wp-json\/wp\/v2\/users\/1"}],"replies":[{"embeddable":true,"href":"https:\/\/vrtecsemedela.si\/index.php\/wp-json\/wp\/v2\/comments?post=437"}],"version-history":[{"count":20,"href":"https:\/\/vrtecsemedela.si\/index.php\/wp-json\/wp\/v2\/pages\/437\/revisions"}],"predecessor-version":[{"id":5690,"href":"https:\/\/vrtecsemedela.si\/index.php\/wp-json\/wp\/v2\/pages\/437\/revisions\/5690"}],"wp:attachment":[{"href":"https:\/\/vrtecsemedela.si\/index.php\/wp-json\/wp\/v2\/media?parent=437"}],"curies":[{"name":"wp","href":"https:\/\/api.w.org\/{rel}","templated":true}]}}