{"id":4036,"date":"2023-09-07T14:26:02","date_gmt":"2023-09-07T12:26:02","guid":{"rendered":"http:\/\/vrtecsemedela.si\/?page_id=4036"},"modified":"2025-09-01T06:23:40","modified_gmt":"2025-09-01T04:23:40","slug":"kontakti-2","status":"publish","type":"page","link":"https:\/\/vrtecsemedela.si\/index.php\/kontakti-2\/","title":{"rendered":"Kontakti"},"content":{"rendered":"\n<figure class=\"wp-block-table\"><table class=\"has-white-color has-vivid-cyan-blue-background-color has-text-color has-background\"><tbody><tr><td>Ime in priimek<\/td><td><i class=\"fas fa-envelope\"><\/i><\/td><td><i class=\"fas fa-phone-volume\"><\/i><\/td><\/tr><\/tbody><\/table><\/figure>\n\n\n\n<figure class=\"wp-block-table is-style-stripes\"><table class=\"has-black-color has-text-color\"><tbody><tr><td><strong>Tja\u0161a Rapotec<\/strong><br>Ravnateljica<\/td><td>tjasa.rapotec@vrtecsemedela.si<\/td><td>05 614 50 20<\/td><\/tr><tr><td><strong>Metka Baruca<\/strong><br>Pomo\u010dnica ravnateljice<\/td><td>metka.baruca@vrtecsemedela.si<\/td><td>05 614 50 12<br>051 247 474<\/td><\/tr><tr><td><strong>Anita Hrvatin<\/strong><br>Pomo\u010dnica ravnateljice<\/td><td>anita.hrvatin@vrtecsemedela.si<\/td><td>05 614 50 13<br>031 634 357<\/td><\/tr><tr><td><strong>Maja \u0160ebalj<\/strong><br>Poslovna sekretarka<\/td><td>vrtec.semedela@vrtecsemedela.si<\/td><td>05 614 50 14<\/td><\/tr><tr><td><strong>Monika Kora\u017eija<\/strong><br>Ra\u010dunovodja<\/td><td>monika.korazija@vrtecsemedela.si<\/td><td>05 614 50 15<\/td><\/tr><tr><td><strong>Fabricija \u017delko<\/strong><br>Knjigovodja (polo\u017enice)<\/td><td>fabricija.zelko@vrtecsemedela.si<\/td><td>05 614 50 11<\/td><\/tr><tr><td><strong>Sabina Pri\u0161li\u0107<\/strong><br>Svetovalna slu\u017eba vrtca<\/td><td>svetovalna.sluzba@vrtecsemedela.si<\/td><td>041 502 782<\/td><\/tr><tr><td><strong>Mateja Kocjan\u010di\u010d<\/strong><br>Organizatorka zdravstveno higienskega re\u017eima in prehrane<\/td><td>mateja.kocjanciczhr@vrtecsemedela.si<\/td><td>05 628 41 25<br>041 951 028<\/td><\/tr><tr><td><strong>Damijan Koro\u0161ec<\/strong><br>Hi\u0161nik<\/td><td>damijan.korosec@vrtecsemedela.si<\/td><td>05 614 50 19<\/td><\/tr><\/tbody><\/table><\/figure>\n\n\n<div class=\"logged-out wp-block-loginout\"><a href=\"https:\/\/vrtecsemedela.si\/wp-login.php?redirect_to=https%3A%2F%2Fvrtecsemedela.si%2Findex.php%2Fwp-json%2Fwp%2Fv2%2Fpages%2F4036\">Prijava<\/a><\/div>","protected":false},"excerpt":{"rendered":"<p>Ime in priimek Tja\u0161a RapotecRavnateljica tjasa.rapotec@vrtecsemedela.si 05 614 50 20 Metka BarucaPomo\u010dnica ravnateljice metka.baruca@vrtecsemedela.si 05 614 50 12051 247 474 Anita HrvatinPomo\u010dnica ravnateljice anita.hrvatin@vrtecsemedela.si 05 614 50 13031 634 357 Maja \u0160ebaljPoslovna sekretarka vrtec.semedela@vrtecsemedela.si 05 614 50 14 Monika Kora\u017eijaRa\u010dunovodja monika.korazija@vrtecsemedela.si 05 614 50 15 Fabricija \u017delkoKnjigovodja (polo\u017enice) fabricija.zelko@vrtecsemedela.si 05 614 50 11 Sabina Pri\u0161li\u0107Svetovalna &hellip; <\/p>\n<p class=\"link-more\"><a href=\"https:\/\/vrtecsemedela.si\/index.php\/kontakti-2\/\" class=\"more-link\">Continue reading<span class=\"screen-reader-text\"> &#8220;Kontakti&#8221;<\/span><\/a><\/p>\n","protected":false},"author":11,"featured_media":0,"parent":0,"menu_order":0,"comment_status":"closed","ping_status":"closed","template":"","meta":{"footnotes":""},"class_list":["post-4036","page","type-page","status-publish","hentry"],"_links":{"self":[{"href":"https:\/\/vrtecsemedela.si\/index.php\/wp-json\/wp\/v2\/pages\/4036","targetHints":{"allow":["GET"]}}],"collection":[{"href":"https:\/\/vrtecsemedela.si\/index.php\/wp-json\/wp\/v2\/pages"}],"about":[{"href":"https:\/\/vrtecsemedela.si\/index.php\/wp-json\/wp\/v2\/types\/page"}],"author":[{"embeddable":true,"href":"https:\/\/vrtecsemedela.si\/index.php\/wp-json\/wp\/v2\/users\/11"}],"replies":[{"embeddable":true,"href":"https:\/\/vrtecsemedela.si\/index.php\/wp-json\/wp\/v2\/comments?post=4036"}],"version-history":[{"count":12,"href":"https:\/\/vrtecsemedela.si\/index.php\/wp-json\/wp\/v2\/pages\/4036\/revisions"}],"predecessor-version":[{"id":7555,"href":"https:\/\/vrtecsemedela.si\/index.php\/wp-json\/wp\/v2\/pages\/4036\/revisions\/7555"}],"wp:attachment":[{"href":"https:\/\/vrtecsemedela.si\/index.php\/wp-json\/wp\/v2\/media?parent=4036"}],"curies":[{"name":"wp","href":"https:\/\/api.w.org\/{rel}","templated":true}]}}

<figure class="wp-block-table"><table class="has-white-color has-vivid-cyan-blue-background-color has-text-color has-background"><tbody><tr><td>Ime in priimek</td><td><i class="fas fa-envelope"></i></td><td><i class="fas fa-phone-volume"></i></td></tr></tbody></table></figure>



<figure class="wp-block-table is-style-stripes"><table class="has-black-color has-text-color"><tbody><tr><td><strong>Tjaša Rapotec</strong><br>Ravnateljica</td><td>tjasa.rapotec@vrtecsemedela.si</td><td>05 614 50 20</td></tr><tr><td><strong>Metka Baruca</strong><br>Pomočnica ravnateljice</td><td>metka.baruca@vrtecsemedela.si</td><td>05 614 50 12<br>051 247 474</td></tr><tr><td><strong>Anita Hrvatin</strong><br>Pomočnica ravnateljice</td><td>anita.hrvatin@vrtecsemedela.si</td><td>05 614 50 13<br>031 634 357</td></tr><tr><td><strong>Maja Šebalj</strong><br>Poslovna sekretarka</td><td>vrtec.semedela@vrtecsemedela.si</td><td>05 614 50 14</td></tr><tr><td><strong>Monika Koražija</strong><br>Računovodja</td><td>monika.korazija@vrtecsemedela.si</td><td>05 614 50 15</td></tr><tr><td><strong>Fabricija Želko</strong><br>Knjigovodja (položnice)</td><td>fabricija.zelko@vrtecsemedela.si</td><td>05 614 50 11</td></tr><tr><td><strong>Sabina Prišlić</strong><br>Svetovalna služba vrtca</td><td>svetovalna.sluzba@vrtecsemedela.si</td><td>041 502 782</td></tr><tr><td><strong>Mateja Kocjančič</strong><br>Organizatorka zdravstveno higienskega režima in prehrane</td><td>mateja.kocjanciczhr@vrtecsemedela.si</td><td>05 628 41 25<br>041 951 028</td></tr><tr><td><strong>Damijan Korošec</strong><br>Hišnik</td><td>damijan.korosec@vrtecsemedela.si</td><td>05 614 50 19</td></tr></tbody></table></figure>


<div class="logged-out wp-block-loginout"><a href="https://vrtecsemedela.si/wp-login.php?redirect_to=https%3A%2F%2Fvrtecsemedela.si%2Findex.php%2Fwp-json%2Fwp%2Fv2%2Fpages%2F4036">Prijava</a></div>

<p>Ime in priimek Tjaša RapotecRavnateljica tjasa.rapotec@vrtecsemedela.si 05 614 50 20 Metka BarucaPomočnica ravnateljice metka.baruca@vrtecsemedela.si 05 614 50 12051 247 474 Anita HrvatinPomočnica ravnateljice anita.hrvatin@vrtecsemedela.si 05 614 50 13031 634 357 Maja ŠebaljPoslovna sekretarka vrtec.semedela@vrtecsemedela.si 05 614 50 14 Monika KoražijaRačunovodja monika.korazija@vrtecsemedela.si 05 614 50 15 Fabricija ŽelkoKnjigovodja (položnice) fabricija.zelko@vrtecsemedela.si 05 614 50 11 Sabina PrišlićSvetovalna &hellip; </p>
<p class="link-more"><a href="https://vrtecsemedela.si/index.php/kontakti-2/" class="more-link">Continue reading<span class="screen-reader-text"> &#8220;Kontakti&#8221;</span></a></p>
